{"id":763,"date":"2014-08-25T14:08:41","date_gmt":"2014-08-25T14:08:41","guid":{"rendered":"http:\/\/192.168.1.104\/enfold-photography\/?page_id=2"},"modified":"2021-11-24T21:50:25","modified_gmt":"2021-11-24T21:50:25","slug":"frontpage","status":"publish","type":"page","link":"https:\/\/www.il-design.hr\/?page_id=763&lang=en","title":{"rendered":"Frontpage"},"content":{"rendered":"<div   class='avia-fullscreen-slider main_color   avia-builder-el-0  avia-builder-el-no-sibling  container_wrap fullsize'  ><div  class='avia-slideshow av-2jgpx-bda6a45742d433419567aad1f63dff77 avia-slideshow-extra_large av_fullscreen avia-fade-slider av-slideshow-ui av-control-hidden av-no-slider-navigation av-hide-nav-arrows av-slideshow-autoplay av-loop-endless av-loop-manual-endless av-default-height-applied   avia-slideshow-1' data-slideshow-options=\"{&quot;animation&quot;:&quot;fade&quot;,&quot;autoplay&quot;:true,&quot;loop_autoplay&quot;:&quot;endless&quot;,&quot;interval&quot;:3,&quot;loop_manual&quot;:&quot;manual-endless&quot;,&quot;autoplay_stopper&quot;:false,&quot;noNavigation&quot;:true,&quot;bg_slider&quot;:true,&quot;keep_padding&quot;:false,&quot;hoverpause&quot;:false,&quot;show_slide_delay&quot;:0,&quot;slide_height&quot;:&quot;100&quot;,&quot;image_attachment&quot;:&quot;&quot;}\"  itemprop=\"image\" itemscope=\"itemscope\" itemtype=\"https:\/\/schema.org\/ImageObject\" ><ul class='avia-slideshow-inner ' style='padding-bottom: 56.266666666667%;'><li style='background-position:center center;' data-img-url='https:\/\/www.il-design.hr\/wp-content\/uploads\/2021\/10\/Enscape_2021-05-25-17-11-56-1500x844.jpg' class='avia-slideshow-slide av-2jgpx-bda6a45742d433419567aad1f63dff77__0  slide-1 slide-odd'><div data-rel='slideshow-1' class='avia-slide-wrap '   ><\/div><\/li><li style='background-position:center center;' data-img-url='https:\/\/www.il-design.hr\/wp-content\/uploads\/2021\/10\/Enscape_2021-05-25-17-17-18-1500x844.jpg' class='avia-slideshow-slide av-2jgpx-bda6a45742d433419567aad1f63dff77__1  slide-2 slide-even'><div data-rel='slideshow-1' class='avia-slide-wrap '   ><\/div><\/li><li style='background-position:center center;' data-img-url='https:\/\/www.il-design.hr\/wp-content\/uploads\/2021\/10\/Enscape_2021-05-25-17-14-26-1500x844.jpg' class='avia-slideshow-slide av-2jgpx-bda6a45742d433419567aad1f63dff77__2  slide-3 slide-odd'><div data-rel='slideshow-1' class='avia-slide-wrap '   ><\/div><\/li><li style='background-position:center center;' data-img-url='https:\/\/www.il-design.hr\/wp-content\/uploads\/2021\/10\/Vani3-1-1500x844.jpg' class='avia-slideshow-slide av-2jgpx-bda6a45742d433419567aad1f63dff77__3  slide-4 slide-even'><div data-rel='slideshow-1' class='avia-slide-wrap '   ><\/div><\/li><li style='background-position:center center;' data-img-url='https:\/\/www.il-design.hr\/wp-content\/uploads\/2014\/09\/accubo_12-1-1500x844.jpg' class='avia-slideshow-slide av-2jgpx-bda6a45742d433419567aad1f63dff77__4  slide-5 slide-odd'><div data-rel='slideshow-1' class='avia-slide-wrap '   ><\/div><\/li><li style='background-position:center center;' data-img-url='https:\/\/www.il-design.hr\/wp-content\/uploads\/2021\/10\/kuh_2-1500x844.jpg' class='avia-slideshow-slide av-2jgpx-bda6a45742d433419567aad1f63dff77__5  slide-6 slide-even'><div data-rel='slideshow-1' class='avia-slide-wrap '   ><\/div><\/li><li style='background-position:center center;' data-img-url='https:\/\/www.il-design.hr\/wp-content\/uploads\/2021\/10\/db_4-1500x844.jpg' class='avia-slideshow-slide av-2jgpx-bda6a45742d433419567aad1f63dff77__6  slide-7 slide-odd'><div data-rel='slideshow-1' class='avia-slide-wrap '   ><\/div><\/li><li style='background-position:center center;' data-img-url='https:\/\/www.il-design.hr\/wp-content\/uploads\/2021\/10\/ss_3-1500x844.jpg' class='avia-slideshow-slide av-2jgpx-bda6a45742d433419567aad1f63dff77__7  slide-8 slide-even'><div data-rel='slideshow-1' class='avia-slide-wrap '   ><\/div><\/li><li style='background-position:center center;' data-img-url='https:\/\/www.il-design.hr\/wp-content\/uploads\/2021\/10\/rec2-1500x844.jpg' class='avia-slideshow-slide av-2jgpx-bda6a45742d433419567aad1f63dff77__8  slide-9 slide-odd'><div data-rel='slideshow-1' class='avia-slide-wrap '   ><\/div><\/li><li style='background-position:center center;' data-img-url='https:\/\/www.il-design.hr\/wp-content\/uploads\/2021\/10\/rec4-1500x844.jpg' class='avia-slideshow-slide av-2jgpx-bda6a45742d433419567aad1f63dff77__9  slide-10 slide-even'><div data-rel='slideshow-1' class='avia-slide-wrap '   ><\/div><\/li><\/ul><div class='avia-slideshow-arrows avia-slideshow-controls' ><a href='#prev' class='prev-slide ' aria-hidden='true' data-av_icon='\ue87c' data-av_iconfont='entypo-fontello'  tabindex='-1'>Prethodni<\/a><a href='#next' class='next-slide ' aria-hidden='true' data-av_icon='\ue87d' data-av_iconfont='entypo-fontello'  tabindex='-1'>Sljede\u0107i<\/a><\/div><div class='av-slideshow-caption av-2jgpx-bda6a45742d433419567aad1f63dff77__0 caption_fullwidth caption_bottom'><div class=\"container caption_container\"><div class=\"slideshow_caption\"><div class=\"slideshow_inner_caption\"><div class=\"slideshow_align_caption\"><h2 class='avia-caption-title '  itemprop=\"name\" >IL Design<\/h2><div class='avia-caption-content '  itemprop=\"description\" ><p>Online portfolio<\/p>\n<\/div><\/div><\/div><\/div><\/div><\/div><\/div><\/div>\n","protected":false},"excerpt":{"rendered":"","protected":false},"author":1,"featured_media":0,"parent":0,"menu_order":0,"comment_status":"open","ping_status":"open","template":"","meta":{"footnotes":""},"class_list":["post-763","page","type-page","status-publish","hentry"],"yoast_head":"<!-- This site is optimized with the Yoast SEO plugin v27.3 - https:\/\/yoast.com\/product\/yoast-seo-wordpress\/ -->\n<title>IL Design - Dizajn interijera<\/title>\n<meta name=\"description\" content=\"IL Design stekao je ime u industriji za interijere koji su inteligentni, elegantni, dinami\u010dni i pro\u017eeti stra\u0161\u0107u i kreativno\u0161\u0107u.\" \/>\n<meta name=\"robots\" content=\"index, follow, max-snippet:-1, max-image-preview:large, max-video-preview:-1\" \/>\n<link rel=\"canonical\" href=\"https:\/\/www.il-design.hr\/?page_id=763&lang=en\" \/>\n<meta property=\"og:locale\" content=\"hr_HR\" \/>\n<meta property=\"og:type\" content=\"article\" \/>\n<meta property=\"og:title\" content=\"IL Design - Dizajn interijera\" \/>\n<meta property=\"og:description\" content=\"IL Design stekao je ime u industriji za interijere koji su inteligentni, elegantni, dinami\u010dni i pro\u017eeti stra\u0161\u0107u i kreativno\u0161\u0107u.\" \/>\n<meta property=\"og:url\" content=\"https:\/\/www.il-design.hr\/?page_id=763&amp;lang=en\" \/>\n<meta property=\"og:site_name\" content=\"IL Design d.o.o.\" \/>\n<meta property=\"article:modified_time\" content=\"2021-11-24T21:50:25+00:00\" \/>\n<meta name=\"twitter:card\" content=\"summary_large_image\" \/>\n<meta name=\"twitter:label1\" content=\"Procijenjeno vrijeme \u010ditanja\" \/>\n\t<meta name=\"twitter:data1\" content=\"7 minuta\" \/>\n<script type=\"application\/ld+json\" class=\"yoast-schema-graph\">{\"@context\":\"https:\\\/\\\/schema.org\",\"@graph\":[{\"@type\":\"WebPage\",\"@id\":\"https:\\\/\\\/www.il-design.hr\\\/?page_id=763&lang=en\",\"url\":\"https:\\\/\\\/www.il-design.hr\\\/?page_id=763&lang=en\",\"name\":\"IL Design - Dizajn interijera\",\"isPartOf\":{\"@id\":\"https:\\\/\\\/www.il-design.hr\\\/#website\"},\"datePublished\":\"2014-08-25T14:08:41+00:00\",\"dateModified\":\"2021-11-24T21:50:25+00:00\",\"description\":\"IL Design stekao je ime u industriji za interijere koji su inteligentni, elegantni, dinami\u010dni i pro\u017eeti stra\u0161\u0107u i kreativno\u0161\u0107u.\",\"breadcrumb\":{\"@id\":\"https:\\\/\\\/www.il-design.hr\\\/?page_id=763&lang=en#breadcrumb\"},\"inLanguage\":\"hr\",\"potentialAction\":[{\"@type\":\"ReadAction\",\"target\":[\"https:\\\/\\\/www.il-design.hr\\\/?page_id=763&lang=en\"]}]},{\"@type\":\"BreadcrumbList\",\"@id\":\"https:\\\/\\\/www.il-design.hr\\\/?page_id=763&lang=en#breadcrumb\",\"itemListElement\":[{\"@type\":\"ListItem\",\"position\":1,\"name\":\"Po\u010detna stranica\",\"item\":\"https:\\\/\\\/www.il-design.hr\\\/\"},{\"@type\":\"ListItem\",\"position\":2,\"name\":\"Frontpage\"}]},{\"@type\":\"WebSite\",\"@id\":\"https:\\\/\\\/www.il-design.hr\\\/#website\",\"url\":\"https:\\\/\\\/www.il-design.hr\\\/\",\"name\":\"IL Design d.o.o.\",\"description\":\"Dizajn interijera\",\"publisher\":{\"@id\":\"https:\\\/\\\/www.il-design.hr\\\/#organization\"},\"potentialAction\":[{\"@type\":\"SearchAction\",\"target\":{\"@type\":\"EntryPoint\",\"urlTemplate\":\"https:\\\/\\\/www.il-design.hr\\\/?s={search_term_string}\"},\"query-input\":{\"@type\":\"PropertyValueSpecification\",\"valueRequired\":true,\"valueName\":\"search_term_string\"}}],\"inLanguage\":\"hr\"},{\"@type\":\"Organization\",\"@id\":\"https:\\\/\\\/www.il-design.hr\\\/#organization\",\"name\":\"IL Design\",\"url\":\"https:\\\/\\\/www.il-design.hr\\\/\",\"logo\":{\"@type\":\"ImageObject\",\"inLanguage\":\"hr\",\"@id\":\"https:\\\/\\\/www.il-design.hr\\\/#\\\/schema\\\/logo\\\/image\\\/\",\"url\":\"https:\\\/\\\/www.il-design.hr\\\/wp-content\\\/uploads\\\/2021\\\/10\\\/2021-10-27_162843.jpg\",\"contentUrl\":\"https:\\\/\\\/www.il-design.hr\\\/wp-content\\\/uploads\\\/2021\\\/10\\\/2021-10-27_162843.jpg\",\"width\":638,\"height\":707,\"caption\":\"IL Design\"},\"image\":{\"@id\":\"https:\\\/\\\/www.il-design.hr\\\/#\\\/schema\\\/logo\\\/image\\\/\"},\"sameAs\":[\"https:\\\/\\\/www.instagram.com\\\/il_modern_designer\\\/\"]}]}<\/script>\n<!-- \/ Yoast SEO plugin. -->","yoast_head_json":{"title":"IL Design - Dizajn interijera","description":"IL Design stekao je ime u industriji za interijere koji su inteligentni, elegantni, dinami\u010dni i pro\u017eeti stra\u0161\u0107u i kreativno\u0161\u0107u.","robots":{"index":"index","follow":"follow","max-snippet":"max-snippet:-1","max-image-preview":"max-image-preview:large","max-video-preview":"max-video-preview:-1"},"canonical":"https:\/\/www.il-design.hr\/?page_id=763&lang=en","og_locale":"hr_HR","og_type":"article","og_title":"IL Design - Dizajn interijera","og_description":"IL Design stekao je ime u industriji za interijere koji su inteligentni, elegantni, dinami\u010dni i pro\u017eeti stra\u0161\u0107u i kreativno\u0161\u0107u.","og_url":"https:\/\/www.il-design.hr\/?page_id=763&lang=en","og_site_name":"IL Design d.o.o.","article_modified_time":"2021-11-24T21:50:25+00:00","twitter_card":"summary_large_image","twitter_misc":{"Procijenjeno vrijeme \u010ditanja":"7 minuta"},"schema":{"@context":"https:\/\/schema.org","@graph":[{"@type":"WebPage","@id":"https:\/\/www.il-design.hr\/?page_id=763&lang=en","url":"https:\/\/www.il-design.hr\/?page_id=763&lang=en","name":"IL Design - Dizajn interijera","isPartOf":{"@id":"https:\/\/www.il-design.hr\/#website"},"datePublished":"2014-08-25T14:08:41+00:00","dateModified":"2021-11-24T21:50:25+00:00","description":"IL Design stekao je ime u industriji za interijere koji su inteligentni, elegantni, dinami\u010dni i pro\u017eeti stra\u0161\u0107u i kreativno\u0161\u0107u.","breadcrumb":{"@id":"https:\/\/www.il-design.hr\/?page_id=763&lang=en#breadcrumb"},"inLanguage":"hr","potentialAction":[{"@type":"ReadAction","target":["https:\/\/www.il-design.hr\/?page_id=763&lang=en"]}]},{"@type":"BreadcrumbList","@id":"https:\/\/www.il-design.hr\/?page_id=763&lang=en#breadcrumb","itemListElement":[{"@type":"ListItem","position":1,"name":"Po\u010detna stranica","item":"https:\/\/www.il-design.hr\/"},{"@type":"ListItem","position":2,"name":"Frontpage"}]},{"@type":"WebSite","@id":"https:\/\/www.il-design.hr\/#website","url":"https:\/\/www.il-design.hr\/","name":"IL Design d.o.o.","description":"Dizajn interijera","publisher":{"@id":"https:\/\/www.il-design.hr\/#organization"},"potentialAction":[{"@type":"SearchAction","target":{"@type":"EntryPoint","urlTemplate":"https:\/\/www.il-design.hr\/?s={search_term_string}"},"query-input":{"@type":"PropertyValueSpecification","valueRequired":true,"valueName":"search_term_string"}}],"inLanguage":"hr"},{"@type":"Organization","@id":"https:\/\/www.il-design.hr\/#organization","name":"IL Design","url":"https:\/\/www.il-design.hr\/","logo":{"@type":"ImageObject","inLanguage":"hr","@id":"https:\/\/www.il-design.hr\/#\/schema\/logo\/image\/","url":"https:\/\/www.il-design.hr\/wp-content\/uploads\/2021\/10\/2021-10-27_162843.jpg","contentUrl":"https:\/\/www.il-design.hr\/wp-content\/uploads\/2021\/10\/2021-10-27_162843.jpg","width":638,"height":707,"caption":"IL Design"},"image":{"@id":"https:\/\/www.il-design.hr\/#\/schema\/logo\/image\/"},"sameAs":["https:\/\/www.instagram.com\/il_modern_designer\/"]}]}},"lang":"en","translations":{"hr":65,"en":763},"jetpack_sharing_enabled":true,"pll_sync_post":[],"_links":{"self":[{"href":"https:\/\/www.il-design.hr\/index.php?rest_route=\/wp\/v2\/pages\/763","targetHints":{"allow":["GET"]}}],"collection":[{"href":"https:\/\/www.il-design.hr\/index.php?rest_route=\/wp\/v2\/pages"}],"about":[{"href":"https:\/\/www.il-design.hr\/index.php?rest_route=\/wp\/v2\/types\/page"}],"author":[{"embeddable":true,"href":"https:\/\/www.il-design.hr\/index.php?rest_route=\/wp\/v2\/users\/1"}],"replies":[{"embeddable":true,"href":"https:\/\/www.il-design.hr\/index.php?rest_route=%2Fwp%2Fv2%2Fcomments&post=763"}],"version-history":[{"count":1,"href":"https:\/\/www.il-design.hr\/index.php?rest_route=\/wp\/v2\/pages\/763\/revisions"}],"predecessor-version":[{"id":887,"href":"https:\/\/www.il-design.hr\/index.php?rest_route=\/wp\/v2\/pages\/763\/revisions\/887"}],"wp:attachment":[{"href":"https:\/\/www.il-design.hr\/index.php?rest_route=%2Fwp%2Fv2%2Fmedia&parent=763"}],"curies":[{"name":"wp","href":"https:\/\/api.w.org\/{rel}","templated":true}]}}